{"id":2,"date":"2018-03-13T15:10:31","date_gmt":"2018-03-13T14:10:31","guid":{"rendered":"http:\/\/coursedesgarconsdecafe-nantes.fr\/?page_id=2"},"modified":"2023-07-03T09:26:44","modified_gmt":"2023-07-03T07:26:44","slug":"page-d-exemple","status":"publish","type":"page","link":"https:\/\/coursedesgarconsdecafe-nantes.fr\/","title":{"rendered":"\u00c9dition 2023 &#8211; Samedi 1er Juillet \/ MERCI !"},"content":{"rendered":"<div class=\"flex flex-grow flex-col gap-3\">\n<div class=\"min-h-[20px] flex flex-col items-start gap-4 whitespace-pre-wrap break-words\">\n<div class=\"markdown prose w-full break-words dark:prose-invert light\">\n<p><span style=\"color: #000000;\">La <strong>4\u00e8me \u00e9dition<\/strong> de la <strong>Course des Serveuses et Gar\u00e7ons de Caf\u00e9<\/strong> a eu lieu \u00e0 Nantes <strong>le samedi 1er juillet <\/strong>\u00e0 16h00 au d\u00e9part de la place du Commerce, dans le cadre de<strong> La Nuit du Voyage \u00e0 Nantes.<\/strong><\/span><em><br \/><\/em><\/p>\n<p>Un \u00e9v\u00e9nement qui a rassembl\u00e9e plus de 100 serveuses et serveurs pour c\u00e9l\u00e9brer l&rsquo;art du service, valoriser notre secteur, ses m\u00e9tiers et l&rsquo;attractivit\u00e9 du c\u0153ur de ville dans une course m\u00e9morable !<\/p>\n<p>C&rsquo;\u00e9tait un moment amical et convivial qui nous r\u00e9unit, tous ensemble, passionn\u00e9s et curieux !<\/p>\n<\/div>\n<div class=\"markdown prose w-full break-words dark:prose-invert light\">\n<p>Le concept de la course \u00e9tait simple : les participants devaient parcourir <strong>3,5 kilom\u00e8tres<\/strong> \u00e0 travers les rues de Nantes <strong>en marchant<\/strong> , tout en tenant un plateau compos\u00e9 de boissons et de verres.<\/p>\n<p>Le but ultime ? Arriver \u00e0 destination le plus rapidement possible, sans faire tomber, casser ou renverser quoi que ce soit, sous peine de p\u00e9nalit\u00e9s. Cette \u00e9preuve n\u00e9cessite non seulement de la rapidit\u00e9 et de la pr\u00e9cision, mais aussi une concentration et une ma\u00eetrise totale de votre plateau.<\/p>\n<p><em>\u00c9v\u00e8nement organis\u00e9 par <strong>l&rsquo;UMIH44<\/strong>\u00a0\/\u00a0<strong>GHR-GNI<\/strong>\u00a0\/\u00a0<strong>Plein centre<\/strong>\u00a0en partenariat avec\u00a0<strong>Le voyage \u00e0 Nantes.<\/strong><\/em><\/p>\n<p style=\"text-align: center;\"><a href=\"https:\/\/www.cedricblondeel.com\/-\/photos\/galeries-privees\/course-des-serveuses-et-garons-de-caf-2023-nante#media_83ff9e9d-6fb9-418f-ae02-96833175021b\"><img decoding=\"async\" loading=\"lazy\" class=\"size-large wp-image-633 aligncenter\" src=\"http:\/\/coursedesgarconsdecafe-nantes.fr\/wp-content\/uploads\/2023\/07\/CGF2023-NANTES-041-1024x768.jpg\" alt=\"\" width=\"900\" height=\"675\" srcset=\"https:\/\/coursedesgarconsdecafe-nantes.fr\/wp-content\/uploads\/2023\/07\/CGF2023-NANTES-041-1024x768.jpg 1024w, https:\/\/coursedesgarconsdecafe-nantes.fr\/wp-content\/uploads\/2023\/07\/CGF2023-NANTES-041-300x225.jpg 300w, https:\/\/coursedesgarconsdecafe-nantes.fr\/wp-content\/uploads\/2023\/07\/CGF2023-NANTES-041-768x576.jpg 768w, https:\/\/coursedesgarconsdecafe-nantes.fr\/wp-content\/uploads\/2023\/07\/CGF2023-NANTES-041-1536x1152.jpg 1536w, https:\/\/coursedesgarconsdecafe-nantes.fr\/wp-content\/uploads\/2023\/07\/CGF2023-NANTES-041-2048x1536.jpg 2048w\" sizes=\"(max-width: 900px) 100vw, 900px\" \/><\/a><\/p>\n<\/div>\n<\/div>\n<\/div>\n\n\n<p>\u00c0 l\u2019occasion de La Nuit du VAN, Carla Adra s\u2019int\u00e9resse aux m\u00e9tiers de serveurs et de serveuses en investissant la c\u00e9l\u00e8bre course de serveuses et de gar\u00e7ons de Caf\u00e9 par une forme performative sonore, percutante, venant rythmer les pas des participants. La casse, la brisure, l\u2019accident sont mis \u00e0 l\u2019honneur dans une c\u00e9r\u00e9monie o\u00f9 les r\u00e9cits des serveurs et des serveuses t\u00e9moignent de la r\u00e9alit\u00e9, parfois impalpable, du m\u00e9tier.<br>Des \u00e9l\u00e9ments formels de la course, comme la tenue vestimentaire des b\u00e9n\u00e9voles, des serveurs et des serveuses ou les troph\u00e9es, seront repens\u00e9s par l\u2019artiste.<\/p>\n\n\n\n<p>Composition : Alexandra Adra<br>Performeurs et performeuses : Serclerat Lucien , Porte Louise, Mellikeche Damya-siman, Villapadierna Louise.<\/p>\n","protected":false},"excerpt":{"rendered":"<p>La 4\u00e8me \u00e9dition de la Course des Serveuses et Gar\u00e7ons de Caf\u00e9 a eu lieu \u00e0 Nantes le samedi 1er juillet \u00e0 16h00 au d\u00e9part de la place du Commerce, dans le cadre de La Nuit du Voyage \u00e0 Nantes. Un \u00e9v\u00e9nement qui a rassembl\u00e9e plus de 100 serveuses et<\/p>\n","protected":false},"author":1,"featured_media":0,"parent":0,"menu_order":0,"comment_status":"closed","ping_status":"open","template":"","meta":[],"_links":{"self":[{"href":"https:\/\/coursedesgarconsdecafe-nantes.fr\/index.php?rest_route=\/wp\/v2\/pages\/2"}],"collection":[{"href":"https:\/\/coursedesgarconsdecafe-nantes.fr\/index.php?rest_route=\/wp\/v2\/pages"}],"about":[{"href":"https:\/\/coursedesgarconsdecafe-nantes.fr\/index.php?rest_route=\/wp\/v2\/types\/page"}],"author":[{"embeddable":true,"href":"https:\/\/coursedesgarconsdecafe-nantes.fr\/index.php?rest_route=\/wp\/v2\/users\/1"}],"replies":[{"embeddable":true,"href":"https:\/\/coursedesgarconsdecafe-nantes.fr\/index.php?rest_route=%2Fwp%2Fv2%2Fcomments&post=2"}],"version-history":[{"count":48,"href":"https:\/\/coursedesgarconsdecafe-nantes.fr\/index.php?rest_route=\/wp\/v2\/pages\/2\/revisions"}],"predecessor-version":[{"id":647,"href":"https:\/\/coursedesgarconsdecafe-nantes.fr\/index.php?rest_route=\/wp\/v2\/pages\/2\/revisions\/647"}],"wp:attachment":[{"href":"https:\/\/coursedesgarconsdecafe-nantes.fr\/index.php?rest_route=%2Fwp%2Fv2%2Fmedia&parent=2"}],"curies":[{"name":"wp","href":"https:\/\/api.w.org\/{rel}","templated":true}]}}