{"id":563,"date":"2023-06-15T13:04:00","date_gmt":"2023-06-15T11:04:00","guid":{"rendered":"http:\/\/coursedesgarconsdecafe-nantes.fr\/?page_id=563"},"modified":"2023-07-03T09:01:06","modified_gmt":"2023-07-03T07:01:06","slug":"edition-2023","status":"publish","type":"page","link":"https:\/\/coursedesgarconsdecafe-nantes.fr\/?page_id=563","title":{"rendered":"Edition 2023"},"content":{"rendered":"\n<p><strong>Pr\u00e9parez-vous !<\/strong> Nous sommes ravis de vous annoncer la 4\u00e8me \u00e9dition de la Course des Serveuses et Gar\u00e7ons de Caf\u00e9 qui se tiendra \u00e0 Nantes <strong>le <u>1er juillet 2023<\/u> \u00e0 <\/strong><strong>16H00 <\/strong><strong>au d\u00e9part de l<em>a place du commerce <\/em><\/strong><em>(pr\u00e9voir de venir sur place d\u00e8s 15h30).&nbsp; <strong>Remise des troph\u00e9es 17H00 &#8211; remise des lots : mardi 4 juillet \u00e0 la mairie de Nantes.<\/strong><\/em><\/p>\n\n\n\n<p>Un \u00e9v\u00e9nement incontournable pour c\u00e9l\u00e9brer l&rsquo;art du service, qui rassemble passionn\u00e9s et curieux et qui valorise notre secteur, ses m\u00e9tiers et l&rsquo;attractivit\u00e9 du c\u0153ur de ville dans une course m\u00e9morable. C&rsquo;est le moment amical et convivial qui nous r\u00e9unit, tous ensemble !<\/p>\n\n\n\n<p><strong>Pour les meilleurs, de belles surprises \u00e0 la cl\u00e9&nbsp;<\/strong><strong>(gagnants dans chaque cat\u00e9gorie&nbsp;<\/strong><strong>Femme \/&nbsp;<\/strong><strong>Homme \/ Apprenant)<\/strong><\/p>\n\n\n\n<ul>\n<li><em>Ch\u00e8ques d&rsquo;une valeur de 500\u20ac, 300\u20ac et 200 \u20ac<\/em><\/li>\n\n\n\n<li><em>Son poids en Bi\u00e8re nantaise MELUSINE<\/em><\/li>\n\n\n\n<li><em>Des machines \u00e0 tirage pression<\/em><\/li>\n\n\n\n<li><em>Et pleins d&rsquo;autres lots&#8230;!<\/em><\/li>\n<\/ul>\n\n\n\n<p>\ud83c\udfc3Joignez-vous \u00e0 nous pour une journ\u00e9e riche en rires et en \u00e9motions.<strong><a href=\"https:\/\/my.weezevent.com\/course-des-serveuses-et-garcons-de-cafe-2023?_gl=1*31i3d3*_gcl_au*MTA4ODczNjUxOC4xNjgzNzIxNDg0*_ga*MTQxMzYzNzM2NS4xNjQ0ODM3NDY1*_ga_39H9VBFX7G*MTY4NTUzNTQwMy4yOS4xLjE2ODU1MzU0NjkuMC4wLjA.\"> Inscrivez-vous d\u00e8s maintenant ici<\/a>, c&rsquo;est gratuit !<\/strong> Ne manquez pas cette occasion de vivre une exp\u00e9rience unique et conviviale au c\u0153ur de la ville. \ud83c\udfc3<\/p>\n\n\n\n<p>Le mot d&rsquo;ordre : S&rsquo;AMUSER !&nbsp; #CGCNantes<\/p>\n\n\n\n<p>Le concept de la course est simple : les participants devront parcourir <strong>3,5 kilom\u00e8tres<\/strong> \u00e0 travers les rues de Nantes <strong>en marchant<\/strong> , tout en tenant un plateau compos\u00e9 de boissons et de verres.<\/p>\n\n\n\n<p>Le but ultime ? Arriver \u00e0 destination le plus rapidement possible, sans faire tomber, casser ou renverser quoi que ce soit, sous peine de p\u00e9nalit\u00e9s. Cette \u00e9preuve n\u00e9cessite non seulement de la rapidit\u00e9 et de la pr\u00e9cision, mais aussi une concentration et une ma\u00eetrise totale de votre plateau.<\/p>\n\n\n\n<p>Pour garantir l&rsquo;\u00e9quit\u00e9 nous avons divis\u00e9 la course en diff\u00e9rentes cat\u00e9gories. La s\u00e9curit\u00e9 de tous les participants est notre priorit\u00e9. Nous avons mis en place des mesures pour assurer un environnement s\u00e9curis\u00e9 tout au long de la course. Des b\u00e9n\u00e9voles seront pr\u00e9sents sur le parcours pour vous guider et vous encourager.<\/p>\n\n\n\n<p><strong>Alors, pr\u00e9parez vous \u00e0 vivre une exp\u00e9rience unique, \u00e0 repousser vos limites mais surtout \u00e0 vous amuser !!<\/strong><\/p>\n\n\n\n<p><a href=\"https:\/\/gestion.umih44.com\/f_mHJMKVqFGc9KICMiJCyFad3Ry28628.pdf\"><u><strong>ATTENTION : R\u00c8GLEMENT ET DRESSCODE ICI<\/strong><\/u><\/a><\/p>\n\n\n\n<p><em>\u00c9v\u00e8nement organis\u00e9 par <strong>l&rsquo;UMIH44<\/strong>&nbsp;\/&nbsp;<strong>GHR-GNI<\/strong>&nbsp;\/&nbsp;<strong>Plein centre<\/strong>&nbsp;en partenariat avec&nbsp;<strong>Le voyage \u00e0 Nantes.<\/strong><\/em><\/p>\n\n\n\n<div class=\"wp-block-columns is-layout-flex wp-container-2\">\n<div class=\"wp-block-column is-layout-flow\" style=\"flex-basis:100%\">\n<figure class=\"wp-block-image size-large\"><img decoding=\"async\" loading=\"lazy\" width=\"724\" height=\"1024\" src=\"http:\/\/coursedesgarconsdecafe-nantes.fr\/wp-content\/uploads\/2023\/06\/GARCAF-Affiche-2023-V6_page-0001-724x1024.jpg\" alt=\"\" class=\"wp-image-564\" srcset=\"https:\/\/coursedesgarconsdecafe-nantes.fr\/wp-content\/uploads\/2023\/06\/GARCAF-Affiche-2023-V6_page-0001-724x1024.jpg 724w, https:\/\/coursedesgarconsdecafe-nantes.fr\/wp-content\/uploads\/2023\/06\/GARCAF-Affiche-2023-V6_page-0001-212x300.jpg 212w, https:\/\/coursedesgarconsdecafe-nantes.fr\/wp-content\/uploads\/2023\/06\/GARCAF-Affiche-2023-V6_page-0001-768x1086.jpg 768w, https:\/\/coursedesgarconsdecafe-nantes.fr\/wp-content\/uploads\/2023\/06\/GARCAF-Affiche-2023-V6_page-0001-1086x1536.jpg 1086w, https:\/\/coursedesgarconsdecafe-nantes.fr\/wp-content\/uploads\/2023\/06\/GARCAF-Affiche-2023-V6_page-0001-1448x2048.jpg 1448w, https:\/\/coursedesgarconsdecafe-nantes.fr\/wp-content\/uploads\/2023\/06\/GARCAF-Affiche-2023-V6_page-0001.jpg 1754w\" sizes=\"(max-width: 724px) 100vw, 724px\" \/><\/figure>\n<\/div>\n<\/div>\n\n\n\n<figure class=\"wp-block-image size-large\"><img decoding=\"async\" loading=\"lazy\" width=\"731\" height=\"1024\" src=\"http:\/\/coursedesgarconsdecafe-nantes.fr\/wp-content\/uploads\/2023\/06\/GARCAF-Affiche-2023-V6_page-0002-731x1024.jpg\" alt=\"\" class=\"wp-image-565\" srcset=\"https:\/\/coursedesgarconsdecafe-nantes.fr\/wp-content\/uploads\/2023\/06\/GARCAF-Affiche-2023-V6_page-0002-731x1024.jpg 731w, https:\/\/coursedesgarconsdecafe-nantes.fr\/wp-content\/uploads\/2023\/06\/GARCAF-Affiche-2023-V6_page-0002-214x300.jpg 214w, https:\/\/coursedesgarconsdecafe-nantes.fr\/wp-content\/uploads\/2023\/06\/GARCAF-Affiche-2023-V6_page-0002-768x1075.jpg 768w, https:\/\/coursedesgarconsdecafe-nantes.fr\/wp-content\/uploads\/2023\/06\/GARCAF-Affiche-2023-V6_page-0002-1097x1536.jpg 1097w, https:\/\/coursedesgarconsdecafe-nantes.fr\/wp-content\/uploads\/2023\/06\/GARCAF-Affiche-2023-V6_page-0002-1463x2048.jpg 1463w, https:\/\/coursedesgarconsdecafe-nantes.fr\/wp-content\/uploads\/2023\/06\/GARCAF-Affiche-2023-V6_page-0002.jpg 1772w\" sizes=\"(max-width: 731px) 100vw, 731px\" \/><\/figure>\n\n\n\n<p><\/p>\n\n\n\n<p class=\"has-text-align-center\"><img decoding=\"async\" loading=\"lazy\" width=\"1080\" height=\"1080\" class=\"wp-image-621\" style=\"width: 500px;\" src=\"http:\/\/coursedesgarconsdecafe-nantes.fr\/wp-content\/uploads\/2023\/06\/PLANCGC2023.jpg\" alt=\"\" srcset=\"https:\/\/coursedesgarconsdecafe-nantes.fr\/wp-content\/uploads\/2023\/06\/PLANCGC2023.jpg 1080w, https:\/\/coursedesgarconsdecafe-nantes.fr\/wp-content\/uploads\/2023\/06\/PLANCGC2023-300x300.jpg 300w, https:\/\/coursedesgarconsdecafe-nantes.fr\/wp-content\/uploads\/2023\/06\/PLANCGC2023-1024x1024.jpg 1024w, https:\/\/coursedesgarconsdecafe-nantes.fr\/wp-content\/uploads\/2023\/06\/PLANCGC2023-150x150.jpg 150w, https:\/\/coursedesgarconsdecafe-nantes.fr\/wp-content\/uploads\/2023\/06\/PLANCGC2023-768x768.jpg 768w\" sizes=\"(max-width: 1080px) 100vw, 1080px\" \/><\/p>\n","protected":false},"excerpt":{"rendered":"<p>Pr\u00e9parez-vous ! Nous sommes ravis de vous annoncer la 4\u00e8me \u00e9dition de la Course des Serveuses et Gar\u00e7ons de Caf\u00e9 qui se tiendra \u00e0 Nantes le 1er juillet 2023 \u00e0 16H00 au d\u00e9part de la place du commerce (pr\u00e9voir de venir sur place d\u00e8s 15h30).&nbsp; Remise des troph\u00e9es 17H00 &#8211;<\/p>\n","protected":false},"author":1,"featured_media":0,"parent":0,"menu_order":0,"comment_status":"closed","ping_status":"closed","template":"","meta":[],"_links":{"self":[{"href":"https:\/\/coursedesgarconsdecafe-nantes.fr\/index.php?rest_route=\/wp\/v2\/pages\/563"}],"collection":[{"href":"https:\/\/coursedesgarconsdecafe-nantes.fr\/index.php?rest_route=\/wp\/v2\/pages"}],"about":[{"href":"https:\/\/coursedesgarconsdecafe-nantes.fr\/index.php?rest_route=\/wp\/v2\/types\/page"}],"author":[{"embeddable":true,"href":"https:\/\/coursedesgarconsdecafe-nantes.fr\/index.php?rest_route=\/wp\/v2\/users\/1"}],"replies":[{"embeddable":true,"href":"https:\/\/coursedesgarconsdecafe-nantes.fr\/index.php?rest_route=%2Fwp%2Fv2%2Fcomments&post=563"}],"version-history":[{"count":4,"href":"https:\/\/coursedesgarconsdecafe-nantes.fr\/index.php?rest_route=\/wp\/v2\/pages\/563\/revisions"}],"predecessor-version":[{"id":630,"href":"https:\/\/coursedesgarconsdecafe-nantes.fr\/index.php?rest_route=\/wp\/v2\/pages\/563\/revisions\/630"}],"wp:attachment":[{"href":"https:\/\/coursedesgarconsdecafe-nantes.fr\/index.php?rest_route=%2Fwp%2Fv2%2Fmedia&parent=563"}],"curies":[{"name":"wp","href":"https:\/\/api.w.org\/{rel}","templated":true}]}}